prime factors of 4756017?
3, 7, 37, 6121
List the prime factors of 14371796.
2, 103, 34883
List the prime factors of 1019002.
2, 29, 17569
List the prime factors of 2164979.
2164979
List the prime factors of 4730194.
2, 7, 337871
List the prime factors of 2498175.
3, 5, 3701
List the prime factors of 986616.
2, 3, 71, 193
List the prime factors of 267183.
3, 7, 4241
What are the prime factors of 1135098?
2, 3, 19, 3319
List the prime factors of 1689350.
2, 5, 13, 23, 113
What are the prime factors of 3247973?
3247973
List the prime factors of 4689549.
3, 173687
What are the prime factors of 2339566?
2, 47, 24889
What are the prime factors of 1396049?
1396049
What are the prime factors of 1760958?
2, 3, 19, 271
List the prime factors of 1314374.
2, 657187
What are the prime factors of 2054887?
47, 43721
What are the prime factors of 23864?
2, 19, 157
List the prime factors of 49307.
49307
List the prime factors of 479102.
2, 13, 18427
What are the prime factors of 12699222?
2, 3, 2116537
What are the prime factors of 105592?
2, 67, 197
List the prime factors of 271972.
2, 67993
What are the prime factors of 454780?
2, 5, 22739
List the prime factors of 179317.
179317
What are the prime factors of 684055?
5, 136811
What are the prime factors of 220164?
2, 3, 7, 2621
What are the prime factors of 1830845?
5, 366169
List the prime factors of 7453342.
2, 13, 439, 653
List the prime factors of 2671658.
2, 11, 121439
What are the prime factors of 14352181?
14352181
List the prime factors of 305031.
3, 17, 5981
List the prime factors of 1930633.
1930633
List the prime factors of 255946.
2, 127973
List the prime factors of 544865.
5, 59, 1847
What are the prime factors of 80392?
2, 13, 773
List the prime factors of 1311872.
2, 37, 277
List the prime factors of 1527842.
2, 763921
List the prime factors of 1234887.
3, 107, 3847
What are the prime factors of 3076882?
2, 1538441
What are the prime factors of 83601?
3, 7, 1327
List the prime factors of 7466346.
2, 3, 41, 67, 151
List the prime factors of 462722.
2, 13, 37
List the prime factors of 401728.
2, 6277
List the prime factors of 64526.
2, 7, 11, 419
List the prime factors of 17287140.
2, 3, 5, 13, 37, 599
What are the prime factors of 4520604?
2, 3, 11, 23, 1489
What are the prime factors of 145776?
2, 3, 3037
List the prime factors of 7352121.
3, 7, 71, 4931
What are the prime factors of 31451?
7, 4493
What are the prime factors of 2229325?
5, 7, 12739
List the prime factors of 4415323.
11, 401393
What are the prime factors of 3481003?
151, 23053
What are the prime factors of 4714746?
2, 3, 17, 2719
List the prime factors of 19004160.
2, 3, 5, 7, 101
List the prime factors of 9682160.
2, 5, 37, 3271
List the prime factors of 7556692.
2, 11, 13, 1201
What are the prime factors of 1217170?
2, 5, 59, 2063
List the prime factors of 177089.
11, 17, 947
What are the prime factors of 11448676?
2, 41, 69809
What are the prime factors of 4486431?
3, 1495477
List the prime factors of 2833631.
67, 42293
List the prime factors of 2291212.
2, 7, 11, 43, 173
List the prime factors of 249585.
3, 5, 7, 2377
List the prime factors of 3434213.
59, 58207
What are the prime factors of 4598704?
2, 11, 17, 29, 53
List the prime factors of 545720.
2, 5, 7, 1949
List the prime factors of 6533.
47, 139
What are the prime factors of 2079149?
2079149
List the prime factors of 2520834.
2, 3, 59, 7121
List the prime factors of 45117.
3, 557
List the prime factors of 55641.
3, 17, 1091
What are the prime factors of 306760?
2, 5, 7669
List the prime factors of 8625359.
8625359
List the prime factors of 400339.
400339
What are the prime factors of 864816?
2, 3, 43, 419
What are the prime factors of 755775?
3, 5, 3359
List the prime factors of 5929.
7, 11
List the prime factors of 24353.
7, 71
List the prime factors of 3855319.
13, 296563
List the prime factors of 7213580.
2, 5, 11, 32789
What are the prime factors of 1090890?
2, 3, 5, 17, 23, 31
List the prime factors of 1647471.
3, 7, 19, 4129
List the prime factors of 1272485.
5, 157, 1621
List the prime factors of 1270229.
29, 43801
What are the prime factors of 1806957?
3, 19, 10567
List the prime factors of 260563.
67, 3889
List the prime factors of 20375677.
7, 23, 271, 467
What are the prime factors of 349899?
3, 11, 23, 461
What are the prime factors of 121431?
3, 17, 2381
List the prime factors of 20870799.
3, 127, 54779
What are the prime factors of 5964018?
2, 3, 47, 21149
What are the prime factors of 572552?
2, 71569
List the prime factors of 1141038.
2, 3, 63391
List the prime factors of 580863.
3, 37, 5233
List the prime factors of 5383725.
3, 5, 23, 3121
What are the prime factors of 23204197?
193, 251, 479
List the prime factors of 699315.
3, 5, 23, 2027
List the prime factors of 453274.
2, 226637
What are the prime factors of 15329246?
2, 769, 9967
What are the prime factors of 14922634?
2, 17, 43, 59, 173
What are the prime factors of 47735?
5, 9547
What are the prime factors of 16092616?
2, 79, 25463
List the prime factors of 811439.
379, 2141
What are the prime factors of 8334246?
2, 3, 347, 4003
What are the prime factors of 167626?
2, 83813
What are the prime factors of 1386911?
17, 4799
List the prime factors of 37459683.
3, 4162187
List the prime factors of 9010533.
3, 7, 277, 1549
What are the prime factors of 83119?
43, 1933
What are the prime factors of 7205404?
2, 509, 3539
What are the prime factors of 1385452?
2, 31, 11173
What are the prime factors of 11214487?
11214487
List the prime factors of 549608.
2, 23, 29, 103
What are the prime factors of 795665?
5, 13, 12241
List the prime factors of 6292920.
2, 3, 5, 229
What are the prime factors of 7395589?
7395589
What are the prime factors of 239566?
2, 119783
What are the prime factors of 6211711?
11, 564701
List the prime factors of 7913614.
2, 19, 208253
List the prime factors of 9526058.
2, 103, 131, 353
List the prime factors of 309118.
2, 127, 1217
List the prime factors of 1872788.
2, 17, 27541
List the prime factors of 121309.
121309
What are the prime factors of 330195?
3, 5, 22013
List the prime factors of 719095.
5, 13, 23, 37
What are the prime factors of 49975?
5, 1999
List the prime factors of 132710.
2, 5, 23, 577
List the prime factors of 402265.
5, 43, 1871
List the prime factors of 8667610.
2, 5, 7, 19
What are the prime factors of 319531?
173, 1847
List the prime factors of 3995593.
7, 37, 15427
List the prime factors of 569955.
3, 5, 37997
List the prime factors of 2729510.
2, 5, 7, 38993
What are the prime factors of 153932?
2, 29, 1327
List the prime factors of 29673.
3, 7, 157
List the prime factors of 2162936.
2, 29, 9323
What are the prime factors of 433726?
2, 229, 947
What are the prime factors of 830422?
2, 101, 4111
What are the prime factors of 441760?
2, 5, 11, 251
List the prime factors of 142591.
142591
What are the prime factors of 127916?
2, 113, 283
List the prime factors of 67170.
2, 3, 5, 2239
What are the prime factors of 7112180?
2, 5, 355609
What are the prime factors of 87085?
5, 17417
What are the prime factors of 71811?
3, 79, 101
What are the prime factors of 27632?
2, 11, 157
List the prime factors of 10770381.
3, 398903
What are the prime factors of 2800301?
7, 57149
List the prime factors of 228103.
228103
List the prime factors of 8881290.
2, 3, 5, 11, 8971
List the prime factors of 17408338.
2, 8704169
List the prime factors of 132707.
132707
What are the prime factors of 443173?
17, 131, 199
List the prime factors of 141120.
2, 3, 5, 7
What are the prime factors of 975701?
975701
What are the prime factors of 1781449?
1781449
List the prime factors of 782899.
13, 60223
List the prime factors of 1183355.
5, 311, 761
List the prime factors of 321780.
2, 3, 5, 31, 173
What are the prime factors of 1026452?
2, 7, 5237
What are the prime factors of 313605?
3, 5, 23, 101
List the prime factors of 679515.
3, 5, 89, 509
What are the prime factors of 4759?
4759
List the prime factors of 241500.
2, 3, 5, 7, 23
List the prime factors of 1705401.
3, 83, 761
What are the prime factors of 927506?
2, 463753
What are the prime factors of 150926?
2, 17, 23, 193
What are the prime factors of 2387769?
3, 17, 46819
What are the prime factors of 143311?
7, 59, 347